{"id":478,"date":"2025-07-05T16:58:01","date_gmt":"2025-07-05T16:58:01","guid":{"rendered":"https:\/\/dorf.oberschoellenbach.de\/?page_id=478"},"modified":"2025-07-05T16:58:01","modified_gmt":"2025-07-05T16:58:01","slug":"juli-in-oberschoellenbach","status":"publish","type":"page","link":"https:\/\/dorf.oberschoellenbach.de\/index.php\/juli-in-oberschoellenbach\/","title":{"rendered":"Juli in Obersch\u00f6llenbach"},"content":{"rendered":"<h2>Der Juli in Obersch\u00f6llenbach im Laufe der Jahre<\/h2>\n<table width=\"100%\">\n<tbody>\n<tr>\n<td width=\"15%\">Juli 1864<\/td>\n<td width=\"85%\">\n<figure id=\"attachment_484\" aria-describedby=\"caption-attachment-484\" style=\"width: 150px\" class=\"wp-caption alignright\"><a href=\"https:\/\/dorf.oberschoellenbach.de\/wp-content\/uploads\/2025\/07\/das-Gut-im-oberen-Dorfe.png\"><img loading=\"lazy\" decoding=\"async\" class=\"size-thumbnail wp-image-484\" src=\"https:\/\/dorf.oberschoellenbach.de\/wp-content\/uploads\/2025\/07\/das-Gut-im-oberen-Dorfe-150x150.png\" alt=\"Der Juli in bersch\u00f6llenbach\" width=\"150\" height=\"150\" \/><\/a><figcaption id=\"caption-attachment-484\" class=\"wp-caption-text\">Das Gut &#8222;oben im Dorfe&#8220;.<br \/>Bild: G. v. Volekamer um 1894<\/figcaption><\/figure>\n<p>Der &#8222;obere&#8220; Hof (um 1643 als &#8222;oberer&#8220; Sitz erbaut) wird durch Ferdinand (*1802) und seinen Neffen Baron Eugen (*1838) von Oelhafen versteigert. Den Zuschlag erh\u00e4lt ein Bieterkonsortium aus drei Kaufleuten. Auf dem Tauschweg kommt das Gut an David Meier (aus Haus-Nr. 8) und \u00fcber die Heirat seiner Tochter schlie\u00dflich an den Bauernsohn Ulrich Bub aus Kleingeschaidt.<\/td>\n<\/tr>\n<tr>\n<td>Juli 1865:<\/td>\n<td>&#8222;Bay. Zeitung Nr. 178, Allgemeiner Anzeiger, Seite 1811, vom 01. Juli 1865:<br \/>\nAnk\u00fcndigung zur Zwangsversteigerung des &#8222;&#8220;Restcomplexes&#8220;&#8220; Haus-Nr. 13 (&#8222;&#8220;Ruff-Haus&#8220;&#8220;) lt. Anordnung vom Stadt- und Landgericht Erlangen am 09. Okt. durch Notar D\u00fcll.&#8220;<\/td>\n<\/tr>\n<tr>\n<td>Juli 1890:<\/td>\n<td>Im Feuerwehr-Amtsblatt des Staatsministeriums des Inneren, M\u00fcnchen, 18. Jahrgang, wird auf Seite 259 mitgeteilt, dass Obersch\u00f6llenbach f\u00fcr die Erbauung eines Spritzenhauses 100 Mark erh\u00e4lt\u00a0 {entspricht 790,&#8211;\u20ac}.<\/td>\n<\/tr>\n<tr>\n<td>Juli 1957:<\/td>\n<td>\n<figure id=\"attachment_495\" aria-describedby=\"caption-attachment-495\" style=\"width: 150px\" class=\"wp-caption alignright\"><a href=\"https:\/\/dorf.oberschoellenbach.de\/wp-content\/uploads\/2025\/07\/Kuehlhaus_3.jpg\"><img loading=\"lazy\" decoding=\"async\" class=\"size-thumbnail wp-image-495\" src=\"https:\/\/dorf.oberschoellenbach.de\/wp-content\/uploads\/2025\/07\/Kuehlhaus_3-150x150.jpg\" alt=\"Juli Obersch\u00f6llenbach\" width=\"150\" height=\"150\" \/><\/a><figcaption id=\"caption-attachment-495\" class=\"wp-caption-text\">Der Zugang zum K\u00fchlhaus war bis 1973 linksseitig.<\/figcaption><\/figure>\n<p>Das K\u00fchlhaus wird im Juli 1957 errichtet und mit ca. 20 separaten, abschlie\u00dfbaren K\u00fchlkammern best\u00fcckt. Im Juli 1973, nach 16 Jahren, wird das Geb\u00e4ude in der heutigen Naabstra\u00dfe nicht mehr gebraucht und sp\u00e4ter schlie\u00dflich an den Markt Eckental verkauft.<br \/>\n&#8222;Der Zugang zum K\u00fchlhaus war bis 1973 linksseitig.&#8220;<\/td>\n<\/tr>\n<tr>\n<td>Juli 1966:<\/td>\n<td>\n<figure id=\"attachment_496\" aria-describedby=\"caption-attachment-496\" style=\"width: 150px\" class=\"wp-caption alignright\"><a href=\"https:\/\/dorf.oberschoellenbach.de\/wp-content\/uploads\/2025\/07\/Loreth_Ottilie_Sep_1967_Einschulung_der_Tochter_2.jpg\"><img loading=\"lazy\" decoding=\"async\" class=\"size-thumbnail wp-image-496\" src=\"https:\/\/dorf.oberschoellenbach.de\/wp-content\/uploads\/2025\/07\/Loreth_Ottilie_Sep_1967_Einschulung_der_Tochter_2-150x150.jpg\" alt=\"\" width=\"150\" height=\"150\" \/><\/a><figcaption id=\"caption-attachment-496\" class=\"wp-caption-text\">Die Wirtin Ottilie Loreth<\/figcaption><\/figure>\n<p><a href=\"https:\/\/dorf.oberschoellenbach.de\/index.php\/2024\/08\/18\/oberschoellenbach-ist-schockiert\/\">Ein Schock geht am 22. Juli 1966 durch das ganze Dorf<\/a>!<br \/>\nT\u00f6dlicher Auto-Unfall bei Sulzbach-Rosenberg von Ernst (Wirt)<br \/>\nund Werner (Sohn) Loreth. (Bild rechts: Die Wirtin Ottilie Loreth)<\/td>\n<\/tr>\n<tr>\n<td>Juli 1969:<\/td>\n<td>Neben weltweit 500 Mio. Menschen sitzen am 21.07.2069 auch die Obersch\u00f6llenbacher vorm Fernseher. Neil Armstrong und Buzz Aldrin betreten den Mond. Michael Collins umkreist diesen in der Kommandokapsel der Apollo-11 Mission.<\/td>\n<\/tr>\n<tr>\n<td>Juli 1972:<\/td>\n<td>Obersch\u00f6llenbach wird Ortsteil der neugeschaffenen Verwaltungseinheit &#8222;Markt Eckental&#8220;; Stichdatum ist der 01.07.1972.<\/td>\n<\/tr>\n<tr>\n<td>Juli 1976:<\/td>\n<td>&#8222;1976 ist die Kirchweih mit dem &#8222;&#8220;zweiten&#8220;&#8220; Kirchweihbaum. [siehe Anhang]&#8220;<\/td>\n<\/tr>\n<tr>\n<td>Juli 1977:<\/td>\n<td>Besuch bei unserer Patenwehr Brand zum 100-j\u00e4hrigem Feuerwehr-Jubil\u00e4um.<\/td>\n<\/tr>\n<tr>\n<td>Juli 1985:<\/td>\n<td><a href=\"https:\/\/dorf.oberschoellenbach.de\/wp-content\/uploads\/2025\/07\/FW-Auto-Magirus-Faun-F24DL320.jpg\"><img loading=\"lazy\" decoding=\"async\" class=\"alignright size-thumbnail wp-image-486\" src=\"https:\/\/dorf.oberschoellenbach.de\/wp-content\/uploads\/2025\/07\/FW-Auto-Magirus-Faun-F24DL320-150x150.jpg\" alt=\"\" width=\"150\" height=\"150\" \/><\/a>Unsere Feuerwehr erh\u00e4lt ein gebrauchtes Feuerwehrauto, einen Magirus-Faun F24DL320 (unser \u201eFlori\u201c), Baujahr 1963.<\/td>\n<\/tr>\n<tr>\n<td>1986 &#8211; 87:<\/td>\n<td>Das Feuerwehrhaus neben dem Felsenkeller wird mit 3000 freiwilligen Arbeitsstunden vergr\u00f6\u00dfert und um einen Schulungs- \/ Veranstaltungsraum erweitert. Einweihung ist am 9. Juli 1987<\/td>\n<\/tr>\n<tr>\n<td>Juli 1995:<\/td>\n<td><a href=\"https:\/\/dorf.oberschoellenbach.de\/wp-content\/uploads\/2025\/07\/FW-Auto-Hanomag-Henschel-LF8-1995.jpg\"><img loading=\"lazy\" decoding=\"async\" class=\"alignright size-thumbnail wp-image-485\" src=\"https:\/\/dorf.oberschoellenbach.de\/wp-content\/uploads\/2025\/07\/FW-Auto-Hanomag-Henschel-LF8-1995-150x150.jpg\" alt=\"\" width=\"150\" height=\"150\" \/><\/a>Die Feuerwehr erh\u00e4lt ein\u00a0 gebrauchtes Feuerwehrauto, einen Hanomag Henschel F46. Baujahr 1972.<\/td>\n<\/tr>\n<tr>\n<td>Juli 1996:<\/td>\n<td><a href=\"https:\/\/dorf.oberschoellenbach.de\/wp-content\/uploads\/2025\/07\/Route_nach_Motzen.png\"><img loading=\"lazy\" decoding=\"async\" class=\"alignleft size-thumbnail wp-image-497\" src=\"https:\/\/dorf.oberschoellenbach.de\/wp-content\/uploads\/2025\/07\/Route_nach_Motzen-150x150.png\" alt=\"\" width=\"150\" height=\"150\" \/><\/a>Bei reichlich Alkohol wird w\u00e4hrend der Kirchweih am Biertisch mit anwesenden Brandenburgern spontan eine Kirchweih-Fete in Motzen vereinbart und sogleich 50,- DM Antrittsgeld eingesammelt. Obwohl 1050,- DM zusammenkommen, glaubt noch nicht jeder an eine Durchf\u00fchrung im n\u00e4chsten Sommer.<\/td>\n<\/tr>\n<tr>\n<td>Juli 1997:<\/td>\n<td>Im Rahmen der 25-Jahre-Feier vom Markt Eckental ist eine Delegation aus Frankreich in der Gemeinde und guckt in Obersch\u00f6llenbach beim Aufstellen des Kirchweihbaumes zu.<\/td>\n<\/tr>\n<tr>\n<td>Juli 1999:<\/td>\n<td>\n<figure id=\"attachment_494\" aria-describedby=\"caption-attachment-494\" style=\"width: 150px\" class=\"wp-caption alignright\"><a href=\"https:\/\/dorf.oberschoellenbach.de\/wp-content\/uploads\/2025\/07\/Kirchweih-2018-27-scaled.jpg\"><img loading=\"lazy\" decoding=\"async\" class=\"size-thumbnail wp-image-494\" src=\"https:\/\/dorf.oberschoellenbach.de\/wp-content\/uploads\/2025\/07\/Kirchweih-2018-27-150x150.jpg\" alt=\"\" width=\"150\" height=\"150\" \/><\/a><figcaption id=\"caption-attachment-494\" class=\"wp-caption-text\">Das Bierzelt\/Biergarten-<br \/>Konzept wird st\u00e4ndig<br \/>weiter entwickelt.<br \/>Hier ein Foto aus 2018.<\/figcaption><\/figure>\n<p>Kirchweih-Revolution bei der Feuerwehr zur Neugestaltung des Festplatzes! Jedoch, kleines Bierzelt mit gro\u00dfem Biergarten davor kommt sehr gut an.<\/td>\n<\/tr>\n<tr>\n<td>Juli 2004:<\/td>\n<td>Eine weitere Kirchweih-Revolution bei der Feuerwehr: Erstmalig ist am Kerwa-Samstag lautstarker Rockabend mit der Gruppe Edelherb.<\/td>\n<\/tr>\n<tr>\n<td>Juli 2007:<\/td>\n<td>Freiwillige Feuerwehr im Einsatz beim Hochwasser in Baiersdorf.<div id='gallery-1' class='gallery galleryid-478 gallery-columns-3 gallery-size-thumbnail'><figure class='gallery-item'>\n\t\t\t<div class='gallery-icon landscape'>\n\t\t\t\t<a href='https:\/\/dorf.oberschoellenbach.de\/wp-content\/uploads\/2025\/07\/Baiersdorf_2007_IMG_0099-rotated.jpg'><img loading=\"lazy\" decoding=\"async\" width=\"150\" height=\"150\" src=\"https:\/\/dorf.oberschoellenbach.de\/wp-content\/uploads\/2025\/07\/Baiersdorf_2007_IMG_0099-150x150.jpg\" class=\"attachment-thumbnail size-thumbnail\" alt=\"Juli in Obersch\u00f6llenbach\" \/><\/a>\n\t\t\t<\/div><\/figure><figure class='gallery-item'>\n\t\t\t<div class='gallery-icon portrait'>\n\t\t\t\t<a href='https:\/\/dorf.oberschoellenbach.de\/wp-content\/uploads\/2025\/07\/Baiersdorf_2007_IMG_0086.jpg'><img loading=\"lazy\" decoding=\"async\" width=\"150\" height=\"150\" src=\"https:\/\/dorf.oberschoellenbach.de\/wp-content\/uploads\/2025\/07\/Baiersdorf_2007_IMG_0086-150x150.jpg\" class=\"attachment-thumbnail size-thumbnail\" alt=\"Juli in Obersch\u00f6llenbach\" \/><\/a>\n\t\t\t<\/div><\/figure><figure class='gallery-item'>\n\t\t\t<div class='gallery-icon landscape'>\n\t\t\t\t<a href='https:\/\/dorf.oberschoellenbach.de\/wp-content\/uploads\/2025\/07\/Baiersdorf_2007_IMG_0038.jpg'><img loading=\"lazy\" decoding=\"async\" width=\"150\" height=\"150\" src=\"https:\/\/dorf.oberschoellenbach.de\/wp-content\/uploads\/2025\/07\/Baiersdorf_2007_IMG_0038-150x150.jpg\" class=\"attachment-thumbnail size-thumbnail\" alt=\"Juli in Obersch\u00f6llenbach\" \/><\/a>\n\t\t\t<\/div><\/figure>\n\t\t<\/div>\n<\/td>\n<\/tr>\n<tr>\n<td>Juni\/Juli 2014:<\/td>\n<td>Fu\u00dfball-WM in Brasilien. Auf Dimis Terrasse verfolgen viele Sch\u00f6llenbacher alle wichtigen Spiele. Deutschland wird gegen Argentinien zum vierten Mal Weltmeister. Nach dem Endspiel: Hupkonzerte; Dimis Kneipe bebt; Die Nacht ist kurz.<\/td>\n<\/tr>\n<tr>\n<td>Juli 2020:<\/td>\n<td>Kellerfest und Kirchweih werden wegen Corona \/ COVID19 ersatzlos abgesagt.<\/td>\n<\/tr>\n<tr>\n<td>Juli 2024:<\/td>\n<td>Premiere bei der Kirchweih in Obersch\u00f6llenbach: Karaoke-Party am Sonntagabend im Festzelt. Die Resonanz zu diesem Experiment ist weithin sehr positiv.<br \/>\nhier einige Bilder zur Karaoke-Party \u2026<div id='gallery-2' class='gallery galleryid-478 gallery-columns-7 gallery-size-thumbnail'><figure class='gallery-item'>\n\t\t\t<div class='gallery-icon portrait'>\n\t\t\t\t<a href='https:\/\/dorf.oberschoellenbach.de\/wp-content\/uploads\/2025\/07\/Karaoke_2024_20240714_220303-scaled.jpg'><img loading=\"lazy\" decoding=\"async\" width=\"150\" height=\"150\" src=\"https:\/\/dorf.oberschoellenbach.de\/wp-content\/uploads\/2025\/07\/Karaoke_2024_20240714_220303-150x150.jpg\" class=\"attachment-thumbnail size-thumbnail\" alt=\"Juli in Obersch\u00f6llenbach\" \/><\/a>\n\t\t\t<\/div><\/figure><figure class='gallery-item'>\n\t\t\t<div class='gallery-icon landscape'>\n\t\t\t\t<a href='https:\/\/dorf.oberschoellenbach.de\/wp-content\/uploads\/2025\/07\/Karaoke_2024_20240714_210017.jpg'><img loading=\"lazy\" decoding=\"async\" width=\"150\" height=\"150\" src=\"https:\/\/dorf.oberschoellenbach.de\/wp-content\/uploads\/2025\/07\/Karaoke_2024_20240714_210017-150x150.jpg\" class=\"attachment-thumbnail size-thumbnail\" alt=\"Juli in Obersch\u00f6llenbach\" \/><\/a>\n\t\t\t<\/div><\/figure><figure class='gallery-item'>\n\t\t\t<div class='gallery-icon landscape'>\n\t\t\t\t<a href='https:\/\/dorf.oberschoellenbach.de\/wp-content\/uploads\/2025\/07\/Karaoke_2024_20240714_205624.jpg'><img loading=\"lazy\" decoding=\"async\" width=\"150\" height=\"150\" src=\"https:\/\/dorf.oberschoellenbach.de\/wp-content\/uploads\/2025\/07\/Karaoke_2024_20240714_205624-150x150.jpg\" class=\"attachment-thumbnail size-thumbnail\" alt=\"Juli in Obersch\u00f6llenbach\" \/><\/a>\n\t\t\t<\/div><\/figure><figure class='gallery-item'>\n\t\t\t<div class='gallery-icon landscape'>\n\t\t\t\t<a href='https:\/\/dorf.oberschoellenbach.de\/wp-content\/uploads\/2025\/07\/Karaoke_2024_20240714_194754.jpg'><img loading=\"lazy\" decoding=\"async\" width=\"150\" height=\"150\" src=\"https:\/\/dorf.oberschoellenbach.de\/wp-content\/uploads\/2025\/07\/Karaoke_2024_20240714_194754-150x150.jpg\" class=\"attachment-thumbnail size-thumbnail\" alt=\"Juli in Obersch\u00f6llenbach\" \/><\/a>\n\t\t\t<\/div><\/figure><figure class='gallery-item'>\n\t\t\t<div class='gallery-icon landscape'>\n\t\t\t\t<a href='https:\/\/dorf.oberschoellenbach.de\/wp-content\/uploads\/2025\/07\/Karaoke_2024_20240714_191140.jpg'><img loading=\"lazy\" decoding=\"async\" width=\"150\" height=\"150\" src=\"https:\/\/dorf.oberschoellenbach.de\/wp-content\/uploads\/2025\/07\/Karaoke_2024_20240714_191140-150x150.jpg\" class=\"attachment-thumbnail size-thumbnail\" alt=\"Juli in Obersch\u00f6llenbach\" \/><\/a>\n\t\t\t<\/div><\/figure><figure class='gallery-item'>\n\t\t\t<div class='gallery-icon landscape'>\n\t\t\t\t<a href='https:\/\/dorf.oberschoellenbach.de\/wp-content\/uploads\/2025\/07\/Karaoke_2024_20240714_191129.jpg'><img loading=\"lazy\" decoding=\"async\" width=\"150\" height=\"150\" src=\"https:\/\/dorf.oberschoellenbach.de\/wp-content\/uploads\/2025\/07\/Karaoke_2024_20240714_191129-150x150.jpg\" class=\"attachment-thumbnail size-thumbnail\" alt=\"Juli in Obersch\u00f6llenbach\" \/><\/a>\n\t\t\t<\/div><\/figure><figure class='gallery-item'>\n\t\t\t<div class='gallery-icon landscape'>\n\t\t\t\t<a href='https:\/\/dorf.oberschoellenbach.de\/wp-content\/uploads\/2025\/07\/Karaoke_2024_20240714_190502.jpg'><img loading=\"lazy\" decoding=\"async\" width=\"150\" height=\"150\" src=\"https:\/\/dorf.oberschoellenbach.de\/wp-content\/uploads\/2025\/07\/Karaoke_2024_20240714_190502-150x150.jpg\" class=\"attachment-thumbnail size-thumbnail\" alt=\"Juli in Obersch\u00f6llenbach\" \/><\/a>\n\t\t\t<\/div><\/figure>\n\t\t<\/div>\n<\/td>\n<\/tr>\n<tr>\n<td>Anhang zum<br \/>\nJuli 1976<\/td>\n<td>&#8222;Ich wollte gerade zu Bett gehen dann ging das Abenteuer los.&#8220;<br \/>\nDie damalige Wirtin, Gertraud Kurz, verh. F\u00fcrwitt, schreibt mir in einer E-Mail zu der unglaublichen Geschichte mit den umges\u00e4gten Kirchweihbaum folgende Zeilen:<br \/>\n\u201eDas mit dem Kirchweihbaum war schon ein Hammer!\u00a0 Es war schon hell, und ich wollte mich gerade hinlegen, dann hat\u2018s gekracht \u2013 und, ich zum Fenster \u2013 dann habe ich es gesehen. Der Baum lag quer \u00fcber die Stra\u00dfe.<br \/>\nIch glaube ich habe sie gest\u00f6rt, weil ich im Morgenmantel mit meiner Schwiegermutter raus bin und wir beide geschrien haben. Dann sind sie gerannt und mit dem Auto weggefahren.<br \/>\nMit meiner Schwiegermutter bin ich dann zum B\u00fcrgermeister Fenzel gegangen und hab den Vorfall gemeldet, weil es gef\u00e4hrlich war mit dem Baum \u00fcber der Stra\u00dfe.<br \/>\nAuf jeden Fall war es das Tagesgespr\u00e4ch!&#8220;<\/td>\n<\/tr>\n<\/tbody>\n<\/table>\n<p>&nbsp;<\/p>\n","protected":false},"excerpt":{"rendered":"<p>Der Juli in Obersch\u00f6llenbach im Laufe der Jahre Juli 1864 Der &#8222;obere&#8220; Hof (um 1643 als &#8222;oberer&#8220; Sitz erbaut) wird durch Ferdinand (*1802) und seinen Neffen Baron Eugen (*1838) von&hellip;<\/p>\n<p> <a class=\"more-link\" href=\"https:\/\/dorf.oberschoellenbach.de\/index.php\/juli-in-oberschoellenbach\/\">Weiterlesen<\/a><\/p>\n","protected":false},"author":1,"featured_media":0,"parent":0,"menu_order":0,"comment_status":"closed","ping_status":"closed","template":"","meta":{"footnotes":""},"class_list":["post-478","page","type-page","status-publish"],"jetpack_sharing_enabled":true,"_links":{"self":[{"href":"https:\/\/dorf.oberschoellenbach.de\/index.php\/wp-json\/wp\/v2\/pages\/478","targetHints":{"allow":["GET"]}}],"collection":[{"href":"https:\/\/dorf.oberschoellenbach.de\/index.php\/wp-json\/wp\/v2\/pages"}],"about":[{"href":"https:\/\/dorf.oberschoellenbach.de\/index.php\/wp-json\/wp\/v2\/types\/page"}],"author":[{"embeddable":true,"href":"https:\/\/dorf.oberschoellenbach.de\/index.php\/wp-json\/wp\/v2\/users\/1"}],"replies":[{"embeddable":true,"href":"https:\/\/dorf.oberschoellenbach.de\/index.php\/wp-json\/wp\/v2\/comments?post=478"}],"version-history":[{"count":3,"href":"https:\/\/dorf.oberschoellenbach.de\/index.php\/wp-json\/wp\/v2\/pages\/478\/revisions"}],"predecessor-version":[{"id":498,"href":"https:\/\/dorf.oberschoellenbach.de\/index.php\/wp-json\/wp\/v2\/pages\/478\/revisions\/498"}],"wp:attachment":[{"href":"https:\/\/dorf.oberschoellenbach.de\/index.php\/wp-json\/wp\/v2\/media?parent=478"}],"curies":[{"name":"wp","href":"https:\/\/api.w.org\/{rel}","templated":true}]}}