{"id":436,"date":"2025-06-05T17:31:18","date_gmt":"2025-06-05T17:31:18","guid":{"rendered":"https:\/\/dorf.oberschoellenbach.de\/?page_id=436"},"modified":"2025-06-05T17:32:31","modified_gmt":"2025-06-05T17:32:31","slug":"juni-in-oberschoellenbach","status":"publish","type":"page","link":"https:\/\/dorf.oberschoellenbach.de\/index.php\/juni-in-oberschoellenbach\/","title":{"rendered":"Juni in Obersch\u00f6llenbach"},"content":{"rendered":"<h2>Der Juni in Obersch\u00f6llenbach im Laufe der Jahre<\/h2>\n<table width=\"100%\">\n<tbody>\n<tr>\n<td width=\"15%\">Juni 1530<\/td>\n<td width=\"85%\">\n<figure id=\"attachment_442\" aria-describedby=\"caption-attachment-442\" style=\"width: 150px\" class=\"wp-caption alignright\"><a href=\"https:\/\/dorf.oberschoellenbach.de\/wp-content\/uploads\/2025\/06\/Sixtus-I.-Oelhafen-1466-1539.png\"><img loading=\"lazy\" decoding=\"async\" class=\"wp-image-442 size-thumbnail\" src=\"https:\/\/dorf.oberschoellenbach.de\/wp-content\/uploads\/2025\/06\/Sixtus-I.-Oelhafen-1466-1539-150x150.png\" alt=\"Der Juni in Obersch\u00f6llenbach\" width=\"150\" height=\"150\" \/><\/a><figcaption id=\"caption-attachment-442\" class=\"wp-caption-text\">Sixtus J. Oelhafen<\/figcaption><\/figure>\n<p>Sixtus Oelhafen richtet am Mittwoch nach Sonntag Exaudi {sechster Sonntag nach Ostern}, den 1. Juni 1530, f\u00fcr Obersch\u00f6llenbach die Gemeindeordnung ein. &#8222;Sixtus I. [Sixt] Oelhafen (1466-1539) ab 1521: Sixtus Oelhafen von Sch\u00f6llenbach&#8220;<\/td>\n<\/tr>\n<tr>\n<td>Juni 1552:<\/td>\n<td>\n<figure id=\"attachment_444\" aria-describedby=\"caption-attachment-444\" style=\"width: 150px\" class=\"wp-caption alignleft\"><a href=\"https:\/\/dorf.oberschoellenbach.de\/wp-content\/uploads\/2025\/06\/Unteres_Schloss300.jpg\"><img loading=\"lazy\" decoding=\"async\" class=\"size-thumbnail wp-image-444\" src=\"https:\/\/dorf.oberschoellenbach.de\/wp-content\/uploads\/2025\/06\/Unteres_Schloss300-150x150.jpg\" alt=\"Der Juni in Obersch\u00f6llenbach\" width=\"150\" height=\"150\" \/><\/a><figcaption id=\"caption-attachment-444\" class=\"wp-caption-text\">Unteres Schloss<\/figcaption><\/figure>\n<p>Das Schloss in Obersch\u00f6llenbach samt den Nebengeb\u00e4uden wird am 2. Juni 1552, nachdem es von der Soldateska (\u201ez\u00fcgelloser Soldatenhaufen\u201c) gepl\u00fcndert worden war, durch den Brandmeister Barthel Hohlbacher des Markgrafen Albrecht auf den Grund abgebrannt.<\/p>\n<p>Der \u201euntere\u201c Sitz sp\u00e4ter \u2013 neu erbaut 1556 bis 1557 \u2013[Zeichnung von Johann Andreas Graff \u2013 1685]<\/td>\n<\/tr>\n<tr>\n<td>Juni 1864:<\/td>\n<td>Als letzter der zahlreichen Herrensitze, die sich im 18.\/19. Jahrhundert im Besitz der Familie von Oelhafen befinden, wird das obere Gut verkauft. Ferdinand von Oelhafen und Eugen, der Sohn seines verstorbenen Bruders, lassen es am 27. Juni 1864 \u00f6ffentlich versteigern.<\/td>\n<\/tr>\n<tr>\n<td>Juni 1871:<\/td>\n<td>&#8222;Fr\u00e4nkische Kurier, Nr. 150, (Mittelfr\u00e4nkische Zeitung), 1. Juni 1871: Der Dienstknecht J. Horlamus aus Obersch\u00f6llenbach wird wegen Diebstahl zu 45 Tagen verurteilt.&#8220;<\/td>\n<\/tr>\n<tr>\n<td>Juni 1888:<\/td>\n<td>&#8222;Bay. Central-Polizei-Blatt Nr. 49, Gerichtliche Haftbefehle: Reuner Margaretha, geb. 12. Juli 1861, led., Dienstmagd in Obersch\u00f6llenbach, [\u2026] wegen Diebstahl. Einlieferungsort: hiesiges Landesgerichtsgef\u00e4ngnis.&#8220;<\/td>\n<\/tr>\n<tr>\n<td>Juni 1894:<\/td>\n<td>Ausbruch der Maul- und Klauenseuche wird in Brand bekannt gemacht. Auch in Ober- und Untersch\u00f6llenbach wird eine Flursperre verh\u00e4ngt.<\/td>\n<\/tr>\n<tr>\n<td>Juni 1935:<\/td>\n<td>\n<figure id=\"attachment_445\" aria-describedby=\"caption-attachment-445\" style=\"width: 150px\" class=\"wp-caption alignright\"><a href=\"https:\/\/dorf.oberschoellenbach.de\/wp-content\/uploads\/2025\/06\/1935_Aurora_Bild.jpg\"><img loading=\"lazy\" decoding=\"async\" class=\"size-thumbnail wp-image-445\" src=\"https:\/\/dorf.oberschoellenbach.de\/wp-content\/uploads\/2025\/06\/1935_Aurora_Bild-150x150.jpg\" alt=\"Der Juni in Obersch\u00f6llenbach\" width=\"150\" height=\"150\" \/><\/a><figcaption id=\"caption-attachment-445\" class=\"wp-caption-text\">Gesangsverein Aurora Obersch\u00f6llenbach<\/figcaption><\/figure>\n<p>Feierliche Bildeinweihung beim M\u00e4nner-Gesangverein (MGV)<\/p>\n<p>&#8222;Aurora&#8220; Obersch\u00f6llenbach. \u2013 &gt;&gt;Eintracht h\u00e4lt Macht!&lt;&lt;<\/td>\n<\/tr>\n<tr>\n<td>Juni 1941:<\/td>\n<td>\u00dcberfall auf die Sowjetunion. Grausames Verbrechen und uns\u00e4gliches Leid. 10 Mio. sowjetische Soldaten und 17 Mio. Sowjetb\u00fcrger sterben. Auf deutscher Seite sind es 3,8 Mio. Soldaten. Auch einige Sch\u00f6llenbacher kehren nicht mehr zur\u00fcck.<\/td>\n<\/tr>\n<tr>\n<td>Juni 1952:<\/td>\n<td>Anl\u00e4sslich des langen Besitzes (\u00fcber 400 Jahre!) im Geschlecht der Familie Beck wird am 12. Juni 1952 der &#8222;B\u00fchlbauer&#8220;-Hof in den Altbesitz-Matrikel des Bayerischen Bauernstandes eingetragen: https:\/\/buehlbauer.de\/buehlhof\/<\/td>\n<\/tr>\n<tr>\n<td>Juni 1955:<\/td>\n<td>Bade-Ungl\u00fcck im Schwimmbad in Untersch\u00f6llenbach. Ute, eine 10-j\u00e4hrige Sch\u00fclerin aus einem Nachbardorf, ertrinkt. Wegen erheblicher M\u00e4ngel muss das kleine Bad kurze Zeit sp\u00e4ter geschlossen werden.<\/td>\n<\/tr>\n<tr>\n<td>Juni 1961:<\/td>\n<td style=\"text-align: center;\">\n<figure id=\"attachment_438\" aria-describedby=\"caption-attachment-438\" style=\"width: 150px\" class=\"wp-caption alignright\"><a href=\"https:\/\/dorf.oberschoellenbach.de\/wp-content\/uploads\/2025\/06\/Jukebox-Tonomat-Panoramic-200-Rechts.jpg\"><img loading=\"lazy\" decoding=\"async\" class=\"size-thumbnail wp-image-438\" src=\"https:\/\/dorf.oberschoellenbach.de\/wp-content\/uploads\/2025\/06\/Jukebox-Tonomat-Panoramic-200-Rechts-150x150.jpg\" alt=\"Der Juni in Obersch\u00f6llenbach\" width=\"150\" height=\"150\" \/><\/a><figcaption id=\"caption-attachment-438\" class=\"wp-caption-text\">Jukebox Tonomat Panoramic 200<\/figcaption><\/figure>\n<p>Anfang Juni 1961 findet die erste Hochzeitsfeier in der Bongo-Bar statt. Christa und Herrmann W\u00f6lfel geben sich am 3. Juni 1961 das &#8222;Ja&#8220;-Wort und feiern anschlie\u00dfend in der Bongo-Bar.<\/p>\n<p>Eine Jukebox &#8222;Tonomat Panoramic 200&#8220; wie sie auch in der Bongo-Bar in Sch\u00f6llenbach stand, hergestellt in Neu-Isenburg.<\/td>\n<\/tr>\n<tr>\n<td>Juni 1972:<\/td>\n<td>Der neugew\u00e4hlte Marktgemeinderat von Eckental hat 20 Mitglieder (bis 1978 noch ohne Brand) CSU: 7, SPD: 7, Freie W\u00e4hler: 6. F\u00fcr Obersch\u00f6llenbach kommt Andreas Fensel (CSU) in den Marktgemeinderat.<\/td>\n<\/tr>\n<tr>\n<td>Juni 1976:<\/td>\n<td>Feierliche Feuerwehr Bildenth\u00fcllung<\/p>\n<figure id=\"attachment_443\" aria-describedby=\"caption-attachment-443\" style=\"width: 150px\" class=\"wp-caption alignleft\"><a href=\"https:\/\/dorf.oberschoellenbach.de\/wp-content\/uploads\/2025\/06\/1976_FW_Bild.jpg\"><img loading=\"lazy\" decoding=\"async\" class=\"size-thumbnail wp-image-443\" src=\"https:\/\/dorf.oberschoellenbach.de\/wp-content\/uploads\/2025\/06\/1976_FW_Bild-150x150.jpg\" alt=\"Der Juni in Obersch\u00f6llenbach\" width=\"150\" height=\"150\" \/><\/a><figcaption id=\"caption-attachment-443\" class=\"wp-caption-text\">Freiwillige Feuerwehr 1976<\/figcaption><\/figure>\n<p style=\"text-align: center;\">&gt;&gt;Einer f\u00fcr Alle, Alle f\u00fcr Einen&lt;&lt;.<\/p>\n<\/td>\n<\/tr>\n<tr>\n<td>Juni 2007<\/td>\n<td>Obersch\u00f6llenbach nimmt beim Stadtjubil\u00e4um 800 Jahre Seyda\/Friedebach teil.<\/td>\n<\/tr>\n<tr>\n<td>Juni\/Juli 2014<\/td>\n<td>\n<figure id=\"attachment_439\" aria-describedby=\"caption-attachment-439\" style=\"width: 150px\" class=\"wp-caption alignright\"><a href=\"https:\/\/dorf.oberschoellenbach.de\/wp-content\/uploads\/2025\/06\/Philipp_Lahm_lifts_the_2014_FIFA_World_Cup__72dpi.jpg\"><img loading=\"lazy\" decoding=\"async\" class=\"size-thumbnail wp-image-439\" src=\"https:\/\/dorf.oberschoellenbach.de\/wp-content\/uploads\/2025\/06\/Philipp_Lahm_lifts_the_2014_FIFA_World_Cup__72dpi-150x150.jpg\" alt=\"Der Juni in Obersch\u00f6llenbach\" width=\"150\" height=\"150\" \/><\/a><figcaption id=\"caption-attachment-439\" class=\"wp-caption-text\">Wir sind Weltmeister!<\/figcaption><\/figure>\n<p>Fu\u00dfball-WM in Brasilien. Auf Dimis Terrasse verfolgen viele Sch\u00f6llenbacher alle wichtigen Spiele. Deutschland wird gegen Argentinien zum vierten Mal Weltmeister. Nach dem Endspiel: Hupkonzerte; Dimis Kneipe bebt; Die Nacht ist kurz.<\/td>\n<\/tr>\n<\/tbody>\n<\/table>\n","protected":false},"excerpt":{"rendered":"<p>Der Juni in Obersch\u00f6llenbach im Laufe der Jahre Juni 1530 Sixtus Oelhafen richtet am Mittwoch nach Sonntag Exaudi {sechster Sonntag nach Ostern}, den 1. Juni 1530, f\u00fcr Obersch\u00f6llenbach die Gemeindeordnung&hellip;<\/p>\n<p> <a class=\"more-link\" href=\"https:\/\/dorf.oberschoellenbach.de\/index.php\/juni-in-oberschoellenbach\/\">Weiterlesen<\/a><\/p>\n","protected":false},"author":2,"featured_media":0,"parent":0,"menu_order":0,"comment_status":"closed","ping_status":"closed","template":"","meta":{"footnotes":""},"class_list":["post-436","page","type-page","status-publish"],"jetpack_sharing_enabled":true,"_links":{"self":[{"href":"https:\/\/dorf.oberschoellenbach.de\/index.php\/wp-json\/wp\/v2\/pages\/436","targetHints":{"allow":["GET"]}}],"collection":[{"href":"https:\/\/dorf.oberschoellenbach.de\/index.php\/wp-json\/wp\/v2\/pages"}],"about":[{"href":"https:\/\/dorf.oberschoellenbach.de\/index.php\/wp-json\/wp\/v2\/types\/page"}],"author":[{"embeddable":true,"href":"https:\/\/dorf.oberschoellenbach.de\/index.php\/wp-json\/wp\/v2\/users\/2"}],"replies":[{"embeddable":true,"href":"https:\/\/dorf.oberschoellenbach.de\/index.php\/wp-json\/wp\/v2\/comments?post=436"}],"version-history":[{"count":5,"href":"https:\/\/dorf.oberschoellenbach.de\/index.php\/wp-json\/wp\/v2\/pages\/436\/revisions"}],"predecessor-version":[{"id":449,"href":"https:\/\/dorf.oberschoellenbach.de\/index.php\/wp-json\/wp\/v2\/pages\/436\/revisions\/449"}],"wp:attachment":[{"href":"https:\/\/dorf.oberschoellenbach.de\/index.php\/wp-json\/wp\/v2\/media?parent=436"}],"curies":[{"name":"wp","href":"https:\/\/api.w.org\/{rel}","templated":true}]}}