{"id":241,"date":"2024-10-01T15:07:02","date_gmt":"2024-10-01T15:07:02","guid":{"rendered":"https:\/\/dorf.oberschoellenbach.de\/?page_id=241"},"modified":"2024-11-07T15:07:15","modified_gmt":"2024-11-07T15:07:15","slug":"november-in-oberschoellenbach","status":"publish","type":"page","link":"https:\/\/dorf.oberschoellenbach.de\/index.php\/november-in-oberschoellenbach\/","title":{"rendered":"November in Obersch\u00f6llenbach"},"content":{"rendered":"<h2>Der November im Laufe der Jahre<\/h2>\n<table width=\"100%\">\n<tbody>\n<tr>\n<td width=\"15%\">Nov. 1860:<\/td>\n<td width=\"85%\">Zwei Jahre nachdem unser Ort zur ev. Kirche Eschenau umgepfarrt wurde entsteht eine neue, nicht konfessionelle Begr\u00e4bnisst\u00e4tte bei den Kellerh\u00e4usern in Eschenau. Der (&#8222;alte&#8220;) Friedhof wird im November 1860 von Pfarrer Sittig eingeweiht.<\/td>\n<\/tr>\n<tr>\n<td>Nov. 1886:<\/td>\n<td>Er\u00f6ffnung der &#8222;Sekund\u00e4rbahn&#8220;, der fr\u00e4nkischen Lokalbahn Erlangen &#8211; Eschenau &#8211; Gr\u00e4fenberg, liebevoll &#8222;Seekuh&#8220; genannt, am 22.11.1886. Die Obersch\u00f6llenbacher steigen in Brand zu und aus. Aus mangelndem Weitblick wird die Bahnlinie 75 Jahre sp\u00e4ter wieder aufgegeben. Heute ist die alte Trasse als Erg\u00e4nzung der StUB (Stadt-Umland-Bahn) in Richtung Osten wieder im Gespr\u00e4ch.<\/td>\n<\/tr>\n<tr>\n<td><\/td>\n<td><\/td>\n<\/tr>\n<tr>\n<td>Nov. 1971:<\/td>\n<td>Gasthaus mit Tanzsaal und &#8222;Bongo-Bar&#8220; geht von der Firma Bergler (Malzfabrik in Frauenaurach) in den Besitz der Brauerei Wiethaler aus Neunhof \u00fcber.<\/td>\n<\/tr>\n<tr>\n<td>Nov. 1973:<\/td>\n<td>\u00d6lkrise \u2013 die OAPEC (Organization of Arab Petroleum Exporting Countries) setzt die \u00d6lpreiswaffe ein. Die Regierung verh\u00e4ngt ab dem 25. November vier autofreie Sonntage. Das ist gleichzeitig das Ende des Wirtschaftswunders mit unbegrenztem Aufschwung. Der Spritpreis steigt auf (unglaubliche) knapp 84 Pfennige!<\/td>\n<\/tr>\n<tr>\n<td>Nov. 1981:<\/td>\n<td>Der &#8222;Stammtisch der Obersch\u00f6llenbacher&#8220; wechselt Anfang November 1981 ins Gasthaus Klau\u00dfner \u201eZur Linde\u201c in R\u00f6ckenhof, ab Mitte November in die Bahnhofs-Wirtschaft \u201eRosi\u201c in Kalchreuth und letztlich ab Ende November 1981 ins Gasthaus Hans Mahler (\u201eZur Klinge\u201c) in Eschenau.<\/td>\n<\/tr>\n<tr>\n<td>Nov. 1989:<\/td>\n<td>Fall der Berliner Mauer zwischen Ost- und West-Berlin. Sturz der SED-Diktatur.<br \/>\nZehn Monate sp\u00e4ter kommt es zur Partnerschaft der Wehren Friedebach und Obersch\u00f6llenbach.<\/td>\n<\/tr>\n<tr>\n<td>Nov. 1992:<\/td>\n<td>Erster \u00f6ffentlicher Auftritt des gemischten Chores &#8222;AURORA&#8220; in der Mehrzweckhalle Eschenau, nachdem der Gesangverein 1990 als vierstimmiger, gemischter Chor als Folge einer Wette zwischen Andreas Fensel und Volker Hofmann als Chorleiter \u201ewiederbelebt\u201c wurde.<\/td>\n<\/tr>\n<tr>\n<td>Nov. 1997:<\/td>\n<td>100-j\u00e4hriges Jubil\u00e4um M\u00e4nner-Gesang-Verein (MGV) &#8222;Aurora&#8220; in kleinem Rahmen. [Beim MGV wird &#8222;Aurora&#8220; klein geschrieben]<\/td>\n<\/tr>\n<tr>\n<td>Nov. 2006:<\/td>\n<td>Das LF 8 der Feuerwehr wird durch ein LF 8\/6 ersetzt. Der Mercedes 814 war vorher bei der Feuerwehr Brand im Dienst.<\/td>\n<\/tr>\n<tr>\n<td>Nov. 2015:<\/td>\n<td>Helmut Brinke, 40 Jahre bei der Feuerwehr \u2013 davon 25 Jahre Kommandant(!), verstirbt am 11. November im Alter von 87 Jahren.<\/td>\n<\/tr>\n<tr>\n<td>Nov. 2020:<\/td>\n<td>Wegen der zweiten Welle der Corona \/ COVID19 Pandemie wird die traditionelle Weihnachtsfeier der Freiwilligen Feuerwehr 2020 gestrichen.<\/td>\n<\/tr>\n<tr>\n<td>Nov. 2020:<\/td>\n<td>Nach 16 Jahren beendet Triantafilos Dimitrakopoulos, genannt &#8222;Dimi&#8220;, einer der dauerhaftesten Wirte in Obersch\u00f6llenbach, seine &#8222;Wirtschaftst\u00e4tigkeit&#8220;. Seine Frau Eleni und er gehen nach 45 Jahren in Deutschland in den Ruhestand.<\/td>\n<\/tr>\n<tr>\n<td>Nov. 2021:<\/td>\n<td>Im November 2021 stellt Stefan Fensel seiner Myriel die im Bild gezeigte Frage und im Mai 2022 gib es einen Polterabend mit Feuerwerk und eine Bauernhochzeit.<br \/>\n<figure id=\"attachment_263\" aria-describedby=\"caption-attachment-263\" style=\"width: 300px\" class=\"wp-caption aligncenter\"><a href=\"https:\/\/dorf.oberschoellenbach.de\/wp-content\/uploads\/2024\/11\/Antrag_Nov_2021.jpg\"><img loading=\"lazy\" decoding=\"async\" class=\"size-medium wp-image-263\" src=\"https:\/\/dorf.oberschoellenbach.de\/wp-content\/uploads\/2024\/11\/Antrag_Nov_2021-300x105.jpg\" alt=\"November im Laufe der Jahre in Obersch\u00f6llenbach\" width=\"300\" height=\"105\" srcset=\"https:\/\/dorf.oberschoellenbach.de\/wp-content\/uploads\/2024\/11\/Antrag_Nov_2021-300x105.jpg 300w, https:\/\/dorf.oberschoellenbach.de\/wp-content\/uploads\/2024\/11\/Antrag_Nov_2021-768x269.jpg 768w, https:\/\/dorf.oberschoellenbach.de\/wp-content\/uploads\/2024\/11\/Antrag_Nov_2021.jpg 1015w\" sizes=\"auto, (max-width: 300px) 100vw, 300px\" \/><\/a><figcaption id=\"caption-attachment-263\" class=\"wp-caption-text\">Hochzeitsantrag Stefan Fensel &#8211; Bild: Familie Fensel<br \/>https:\/\/www.topagrar.com\/landleben\/land-und-leute\/bauernhochzeit-wenn-ein-landwirt-eine-lehrerin-heiratet-13097115.html<\/figcaption><\/figure><\/td>\n<\/tr>\n<tr>\n<td>Nov. 2022:<\/td>\n<td>Der erste Sankt-Martins-Umzug, organisiert von der Feuerwehr, beginnt am 11.11. bei einbrechender Dunkelheit am Festplatz und endet im B\u00fchl.<br \/>\nZum Ausklang des von einem Reiter angef\u00fchrten Laternen-Umzuges gibt es am &#8222;B\u00fchlhof&#8220; ein gem\u00fctliches Beisammensein mit &#8222;Bratwurstweckla&#8220; und Gl\u00fchwein.<\/td>\n<\/tr>\n<tr>\n<td>Nov. 2022:<\/td>\n<td>Erschlie\u00dfung eines Wohngebietes in Obersch\u00f6llenbach, Nr. 11.<br \/>\nDer Beschluss zur Bauleitplanung erfolgte am 22. Nov. 2022.<\/td>\n<\/tr>\n<tr>\n<td>Nov. 2023:<\/td>\n<td>Eine Cabrio-Fahrerin aus Obersch\u00f6llenbach. f\u00e4hrt am 5. November zum Eschenauer Friedhof. Infolge eines Platzregens wendet sie dort und lenkt wieder heimw\u00e4rts.<br \/>\nIn diesen ganz wenigen Minuten f\u00e4llt der Eschenaue Maibaum quer \u00fcber die Stra\u00dfe; sie kommt als eine der Ersten dort an.<br \/>\nNicht auszudenken, wenn sie daheim nur Minuten sp\u00e4ter losgefahren w\u00e4re &#8230;<\/p>\n<figure id=\"attachment_264\" aria-describedby=\"caption-attachment-264\" style=\"width: 225px\" class=\"wp-caption alignleft\"><a href=\"https:\/\/dorf.oberschoellenbach.de\/wp-content\/uploads\/2024\/11\/Maibaum_002_Nov_2023.jpeg\"><img loading=\"lazy\" decoding=\"async\" class=\"size-medium wp-image-264\" src=\"https:\/\/dorf.oberschoellenbach.de\/wp-content\/uploads\/2024\/11\/Maibaum_002_Nov_2023-225x300.jpeg\" alt=\"November im Laufe der Jahre\" width=\"225\" height=\"300\" srcset=\"https:\/\/dorf.oberschoellenbach.de\/wp-content\/uploads\/2024\/11\/Maibaum_002_Nov_2023-225x300.jpeg 225w, https:\/\/dorf.oberschoellenbach.de\/wp-content\/uploads\/2024\/11\/Maibaum_002_Nov_2023.jpeg 768w\" sizes=\"auto, (max-width: 225px) 100vw, 225px\" \/><\/a><figcaption id=\"caption-attachment-264\" class=\"wp-caption-text\">Spontane Aufnahme von der Cabrio-Fahrerin, ganz wenige Augenblicke nach dem Malheur.<\/figcaption><\/figure>\n<p><figure id=\"attachment_265\" aria-describedby=\"caption-attachment-265\" style=\"width: 463px\" class=\"wp-caption alignright\"><a href=\"https:\/\/dorf.oberschoellenbach.de\/wp-content\/uploads\/2024\/11\/Maibaum_004_Nov_2023.jpeg\"><img loading=\"lazy\" decoding=\"async\" class=\" wp-image-265\" src=\"https:\/\/dorf.oberschoellenbach.de\/wp-content\/uploads\/2024\/11\/Maibaum_004_Nov_2023-300x131.jpeg\" alt=\"November 2023 - Der Maibaum in Eschenau f\u00e4llt um!\" width=\"463\" height=\"202\" srcset=\"https:\/\/dorf.oberschoellenbach.de\/wp-content\/uploads\/2024\/11\/Maibaum_004_Nov_2023-300x131.jpeg 300w, https:\/\/dorf.oberschoellenbach.de\/wp-content\/uploads\/2024\/11\/Maibaum_004_Nov_2023-768x335.jpeg 768w, https:\/\/dorf.oberschoellenbach.de\/wp-content\/uploads\/2024\/11\/Maibaum_004_Nov_2023.jpeg 1012w\" sizes=\"auto, (max-width: 463px) 100vw, 463px\" \/><\/a><figcaption id=\"caption-attachment-265\" class=\"wp-caption-text\">November 2023 &#8211; Der Maibaum in Eschenau f\u00e4llt um!<\/figcaption><\/figure><\/td>\n<\/tr>\n<\/tbody>\n<\/table>\n","protected":false},"excerpt":{"rendered":"<p>Der November im Laufe der Jahre Nov. 1860: Zwei Jahre nachdem unser Ort zur ev. Kirche Eschenau umgepfarrt wurde entsteht eine neue, nicht konfessionelle Begr\u00e4bnisst\u00e4tte bei den Kellerh\u00e4usern in Eschenau.&hellip;<\/p>\n<p> <a class=\"more-link\" href=\"https:\/\/dorf.oberschoellenbach.de\/index.php\/november-in-oberschoellenbach\/\">Weiterlesen<\/a><\/p>\n","protected":false},"author":1,"featured_media":0,"parent":0,"menu_order":0,"comment_status":"closed","ping_status":"closed","template":"","meta":{"footnotes":""},"class_list":["post-241","page","type-page","status-publish"],"jetpack_sharing_enabled":true,"_links":{"self":[{"href":"https:\/\/dorf.oberschoellenbach.de\/index.php\/wp-json\/wp\/v2\/pages\/241","targetHints":{"allow":["GET"]}}],"collection":[{"href":"https:\/\/dorf.oberschoellenbach.de\/index.php\/wp-json\/wp\/v2\/pages"}],"about":[{"href":"https:\/\/dorf.oberschoellenbach.de\/index.php\/wp-json\/wp\/v2\/types\/page"}],"author":[{"embeddable":true,"href":"https:\/\/dorf.oberschoellenbach.de\/index.php\/wp-json\/wp\/v2\/users\/1"}],"replies":[{"embeddable":true,"href":"https:\/\/dorf.oberschoellenbach.de\/index.php\/wp-json\/wp\/v2\/comments?post=241"}],"version-history":[{"count":4,"href":"https:\/\/dorf.oberschoellenbach.de\/index.php\/wp-json\/wp\/v2\/pages\/241\/revisions"}],"predecessor-version":[{"id":267,"href":"https:\/\/dorf.oberschoellenbach.de\/index.php\/wp-json\/wp\/v2\/pages\/241\/revisions\/267"}],"wp:attachment":[{"href":"https:\/\/dorf.oberschoellenbach.de\/index.php\/wp-json\/wp\/v2\/media?parent=241"}],"curies":[{"name":"wp","href":"https:\/\/api.w.org\/{rel}","templated":true}]}}